*o = 2*j - 49, -5*j + 2*o + k = -4*j. Is j a prime number?
False
Suppose 23*i + 123 = 7184. Is i composite?
False
Is 985/(-2)*260/(-325) prime?
False
Suppose 3*o + 9*o = 8*o. Suppose -4*n = -5*n - 3*j + 7, -4*n + 15 = -j. Suppose o = -4*m + n, -4*m = b - 69. Is b a composite number?
True
Suppose -11*l = -9*l - 8. Suppose 2*u - 3884 = -2*u + 4*j, 3852 = 4*u + l*j. Is u composite?
False
Let d = 84216 + -55457. Is d a composite number?
False
Let s be 5*(4/10)/1. Suppose -s*z + 4*z = 0. Suppose 0 = j - 4*l + 2*l - 51, z = -l + 4. Is j prime?
True
Let u(w) = -2*w + 27. Let q be u(11). Suppose t - 2*t + 4 = 0, q*y = 5*t + 13665. Suppose -v + 3*i + 1352 = 0, -y = -v - v - 5*i. Is v a composite number?
False
Suppose -3*s - 1 = -p, 0*s - 14 = -4*p + 2*s. Suppose -1954 = -2*i - 5*j, 4*j + 1918 = p*i - 2*i. Is i a composite number?
False
Suppose 4*l + 0 = -12. Is 2237/l*(-5 - (-4 + 2)) a composite number?
False
Let w be (-1)/((4/(-6))/2) - -579. Suppose -3*v - w = -5*v. Is v composite?
True
Suppose -66 = 5*y + 6649. Let j = -710 - y. Is j prime?
False
Let y(j) = -j**2 + 11*j - 16. Let c be y(9). Suppose 2*g + 5*o = 1529, -3*g = -2*o - c*o - 2259. Is g a prime number?
True
Let m(o) = 17*o**2 + 2*o + 43. Is m(15) prime?
False
Let z = 47 - 43. Suppose 10*b - 30254 = -z*b. Is b a composite number?
False
Let t = 9872 - -9963. Is t composite?
True
Let n(l) = -10*l**3 + 15*l**2 - 27*l + 3. Is n(-20) a composite number?
True
Suppose 7*o - 5*o + 68 = 0. Let p = o + 36. Is p/7 + (-1868)/(-28) a prime number?
True
Let a(z) be the first derivative of -179*z**4/4 - 2*z**3/3 - 9*z**2/2 - 5*z - 2. Is a(-3) prime?
False
Let g = 6 + -7. Let s = g - 92. Is (-10)/3*s/2 prime?
False
Let s = 8 + -10. Is (s/4)/(6/(-7788)) a prime number?
False
Let f be -14 + -1 - -2*14/7. Let z(w) = -93*w + 46. Is z(f) a composite number?
False
Is ((-3)/6)/((-16)/779360) a prime number?
False
Let d be (-3)/(-15) + 24/5. Let w(m) = -m**3 + 7*m**2 + 10*m - 12. Let c be w(8). Suppose 5*a = -d*p + a + 583, c*a = -2*p + 226. Is p prime?
False
Let s = 28193 + -11827. Suppose s + 8322 = 16*x. Is x a composite number?
False
Let h(x) = x**2 - 8*x - 18. Let n be h(8). Is n/(-24) - (-6521)/4 a composite number?
True
Suppose -x + 10 = 9*x. Let p(d) = 135*d**2 + d - 2. Is p(x) composite?
True
Suppose -4*u - 5*x = -3, 2*u - 10 = -2*u + 2*x. Suppose 2*r = -5*g + 3801 + 5578, -u*r = -5*g - 9329. Is r a prime number?
False
Let b(d) = d**2 + 10*d - 9. Let a be b(-11). Let o(l) = -4*l**2 + 5*l**a + 331 + 15*l - 14*l + l**3. Is o(0) a prime number?
True
Let h be (-2 - (-3)/3) + (-2 - -5). Suppose 0*u = 2*u + 2*v - 1616, 1614 = h*u + 4*v. Is u composite?
False
Is (-156)/26 - 2839/(-1) a composite number?
False
Suppose 3*t = -y + 28361, y - 15*t + 14*t - 28345 = 0. Is y prime?
True
Let r = 14084 - 7543. Is r prime?
False
Suppose 0 + 8 = 4*c. Suppose -5*v = 10, -4*q + 4*v = -10 - c. Let s(n) = 132*n**2 + n. Is s(q) a prime number?
False
Let s(a) = -a**2 + 5*a - 3. Let i be s(3). Suppose g = 3*j - 341, j - 117 = i*g - g. Is j a composite number?
False
Let a be 9 + 4*1/4. Let y(z) = -12 + z + 8*z + 1. Is y(a) composite?
False
Let o = 36 + -63. Let b be 2/(-9) + 4692/o. Let m = b - -337. Is m a prime number?
True
Suppose -2*s + 0*s = 4, 4*s = -o - 322. Let a = 93 - o. Is a a prime number?
False
Let u be (-8 - 0)/((-2)/11). Let p = -27 + u. Suppose k = p - 4. Is k prime?
True
Let f(r) = 2*r**2 - r - 5. Let q be f(-2). Suppose -q*g = -134 - 311. Is g a prime number?
True
Let y(s) = s**3 - 8*s**2 - 4*s - 12. Suppose -2*d - d + 2*b + 27 = 0, -3*d = 5*b - 27. Is y(d) a composite number?
True
Let l(w) = -5*w + 4. Let n = 12 - 26. Is l(n) composite?
True
Suppose 4*v + 24 = 2*b, -b - 2*v - 4 + 0 = 0. Let y be (9/(-45))/((-3)/(-15)). Is (y/1)/(b/(-940)) a composite number?
True
Let q = 39035 + -21232. Is q prime?
False
Let z be -949 + ((-5)/5 - -2). Let j = 11 - z. Is j a composite number?
True
Let m = -26 - -29. Suppose -7*c + 3*c = -2*b + 2316, 0 = m*b - 5*c - 3476. Suppose 3*u - 1727 = -2*t, -2*u + b = 8*t - 4*t. Is u a prime number?
False
Let m = -50 - -65. Suppose 45647 = -m*a + 22*a. Is a a prime number?
True
Suppose 4*t - 5*i = 30 - 326, 3*i + 370 = -5*t. Is (-5 + -2)/(2/t) prime?
False
Let f be (1/2)/((-1)/32). Let v = f - -15. Is (-2)/v + (70 - 3) a composite number?
True
Suppose 0 = -5*w - 4*k + 39269, 7*w - w + 4*k - 47122 = 0. Is w a composite number?
False
Let z be (28/(-8) - -4)*0. Suppose j + 2*j - 3*k - 330 = 0, 4*j - k - 449 = z. Let i = j - -36. Is i a composite number?
False
Suppose -403119 - 838153 = -68*z. Is z a prime number?
False
Suppose 2*a - 1006 = 108. Is a composite?
False
Let k be 11/(-11) - 6461/1. Let n = k + 9563. Is n a prime number?
False
Let i(m) = m**2 + 6*m - 11. Let j be i(-8). Suppose -5*t = -4*t + 2*c - 509, -j*t - 5*c + 2545 = 0. Is t composite?
False
Suppose -2*b + 2*i + 23 = -i, 11 = 4*b + i. Suppose 0 = -28*f - f + 36395. Suppose -f = -b*r - r. Is r composite?
False
Suppose 2*j + 3*j + 2*g - 16 = 0, -4*g + 20 = 4*j. Let s(w) = -4*w + 2*w + 3*w + 82*w**j. Is s(1) prime?
True
Let z = -16645 - -36968. Is z composite?
False
Suppose -5*i + 13892 = -0*i - 3*u, 3*i - u = 8332. Suppose -2*x - 703 = -3*x - 4*c, -2*c = -4*x + i. Is x composite?
True
Let w = 35818 - 16979. Is w prime?
True
Let p(i) = -2*i + 28. Let o be p(15). Let l(c) = 77*c**2 - c - 3. Is l(o) a prime number?
True
Suppose -86*s + 25626 = -80*s. Is s composite?
False
Let o = -4 - -3. Let a be (2 - o)/(1/34). Suppose 3*y = y + a. Is y prime?
False
Suppose -4*r + 2730 = 2*d, -2*d + 8*r - 9*r + 2724 = 0. Is d prime?
True
Let i be (-7*(0 - -8))/(2/(-71)). Is (-2)/6 - (i/(-6) - 0) prime?
True
Is 4929*5 + 5/(5/(-2)) a composite number?
True
Let c(k) = 9*k**2 + 16*k - 10. Is c(12) composite?
True
Let w = 14 + 63. Let j = 271 + -268. Suppose j*x = 284 - w. Is x composite?
True
Let s(b) be the second derivative of -1/12*b**4 + 0 - 5/3*b**3 - 4*b - 3/2*b**2. Is s(-9) prime?
False
Suppose -5*b + 5*r + 42840 = 0, 5*b - 8*b + r + 25702 = 0. Is b a composite number?
True
Let d be 0*(-2 + -2)/(-8). Suppose -6*v + 10828 - 2188 = d. Suppose 2*l = -2*l - 20, -v = -4*r - 4*l. Is r a composite number?
True
Let n(h) = h**3 + h**2 - h + 1. Let m(g) = -5*g**3 + 3*g**2 + 10*g - 13. Let j(u) = m(u) + 6*n(u). Let l be 14/10 + (-1554)/210. Is j(l) composite?
True
Suppose -5*p - 3818 = -2*z, -z - 2*p = -2*z + 1911. Is z a composite number?
True
Let r(u) = 2*u**3 - 6*u**2 + 16*u + 1. Suppose 6*b + 2*b = 56. Is r(b) prime?
False
Let d = 27859 - 19394. Is d composite?
True
Suppose -968 = -5*w - 3*g, 5*w - 3*g - 996 = g. Let k = w + -352. Let t = 339 + k. Is t composite?
True
Suppose 1173 + 669 = 3*t. Is t a composite number?
True
Let z(v) = v**2 + 4*v. Let d be z(-5). Suppose -28 = -d*j - 3. Suppose -j*r = -407 - 878. Is r composite?
False
Let o = -38 + 148. Suppose -2*c + q + o = 2*q, -4*q = -c + 37. Is c a composite number?
False
Let b(a) = a**2 + 3*a - 2. Let t be b(-4). Suppose -t*p + 467 = -3*i - 810, 3*i = 4*p - 2539. Is p a composite number?
False
Suppose 5*q - 479 = 3*d - 75, -2*q + 168 = 2*d. Suppose -174 - q = -v. Suppose 4*u - v = 700. Is u a prime number?
True
Suppose -3*b - 4*p + 20 = -5*b, 3*b + 3*p = 15. Suppose 4*m + 13 - 77 = -l, b = m - 5. Suppose 3*t = -l + 197. Is t a composite number?
True
Let f(y) = 11 + 7 + 45*y + 9 + 32. Is f(24) a prime number?
False
Suppose h + 8 = 2*p - 0*p, 3*p = 3*h + 9. Suppose 0*i = h*i - 238. Suppose -v - 119 = -f - 5*v, f - i = -v. Is f a composite number?
True
Let n = -107 + 222. Let p = 168 - n. Is p a composite number?
False
Suppose -2*q = 3396 - 19934. Is q prime?
True
Suppose 41*h + 7190 = 67501. Is h a composite number?
False
Let s = -24 - -56. Let p = s + 7. Is p a prime number?
False
Let n(a) = -32063*a + 140. Is n(-1) composite?
False
Suppose 2*t = 10*t + 12144. Let y = t - -2197. Is y composite?
True
Let t = 203479 + -119762. Is t a composite number?
False
Let l = 23 + -24. Is ((-17)/34)/(l/502) prime?
True
Let s(a) = 123*a**2 + a + 1. Let p be s(-4). Suppose -f = 5*h - 12, -12 = -10*f + 7*f - 3*h. Suppose -2*c - p = -n + 194, 0 = 3*n - f*c - 6469. Is n composite?
True
Suppose 8 = -5*d + 4*d. Let b be 0/((-9)/((-36)/d)). Let o(h) = -h + 55. Is o(b) prime?
False
Is (-52)/130 - 16947/(-5) a prim